of k/(-6) + (-305)/(-30).
2, 5
Suppose -z - z = 0. Let v be (z + -5)*2/(-5). Suppose c + p + 1 = 0, p = -v*p - 12. List the prime factors of c.
3
Let t be 2/4*-2*-7. What are the prime factors of t/((-4 - -1)/(-3))?
7
List the prime factors of (-1 + 2)/((-3)/(-6)) - -21.
23
Let r(d) = d**2 - d + 9. What are the prime factors of r(-4)?
29
Suppose 0 = -5*w + 16 - 1. List the prime factors of w/(0 - (-6)/4).
2
Let n(u) be the third derivative of u**5/60 - u**4/12 + 2*u**2. Let z be n(-4). Suppose 2*y = -4*v + z, 50 = 3*y + v + 4. List the prime factors of y.
2
Let t be 1*-21 + 2/2. List the prime factors of (t/25)/(4/(-30)).
2, 3
Suppose -3*c + 1039 = -w, -c + 4*w - 355 = -2*c. List the prime factors of c.
347
List the prime factors of (-432)/60*5/(-2).
2, 3
What are the prime factors of 154 + (-1 + -9)*(-16)/(-40)?
2, 3, 5
Let u be 57/9 - (-4)/6. Suppose -u*a = -4*a - 78. Suppose 2*l - 4*m - a = -3*m, 4*m + 44 = 4*l. What are the prime factors of l?
3, 5
Suppose 5*t - 9 = s - 81, 4*s - 273 = 5*t. Suppose 0 = -3*j - 13 + s. What are the prime factors of j?
2, 3
Let u(o) = -o**2 + 17*o + 4. What are the prime factors of u(6)?
2, 5, 7
Suppose 0*k - 35 = -5*j + 5*k, -3*k - 19 = -2*j. Suppose -4*u + 12 = 0, 2 - 24 = -4*r - j*u. What are the prime factors of r?
2
Suppose -2*j = -j. Suppose j*w = 5*y + 4*w - 43, -w = -2. What are the prime factors of y?
7
Suppose r + r + 10 = f, -3*f = -r - 5. Suppose 0 = -5*p - 3*l - 2 + 44, -2*p - 4*l + 14 = f. Suppose -5*c + p = -61. What are the prime factors of c?
2, 7
Let f(o) be the second derivative of o**4/6 - 5*o**3/6 - o**2 + o. List the prime factors of f(4).
2, 5
Let w(r) = 3*r**2 + 3*r + 1. List the prime factors of w(-5).
61
Suppose -3*w = w - 12. Suppose 7 = 5*p + w*j, j + 4 = -3*j. What are the prime factors of 0 - -7 - -2 - p?
7
Suppose -18*v + 20*v - 24 = 0. What are the prime factors of v?
2, 3
Suppose 5*w + 4*n - 137 = 0, -4*w - 5*n + 19 = -3*w. What are the prime factors of w?
29
Suppose 2*v - 3*a = -3*v + 581, v = -2*a + 124. What are the prime factors of v?
2, 59
Suppose 2*t + 4 = -2*z - 0*t, 0 = 2*z - 3*t - 21. Suppose z*c - 14 = y + 35, -2*y - 2 = 0. What are the prime factors of c?
2
What are the prime factors of (-6)/8 - 422/(-8)?
2, 13
Let i = 10 + -12. List the prime factors of (0 - 36)*i/4.
2, 3
Suppose 2*o - 4*j + 7*j - 533 = 0, 508 = 2*o - 2*j. What are the prime factors of o?
7, 37
Let m(z) = -z. Let r be m(-3). Suppose -4 = -4*x + r*x. Suppose -3*l - 46 = -x*w, 3*w = 8*w - 2*l - 61. What are the prime factors of w?
13
Suppose -4*a = -3*a - 4, -4*i + 3*a + 292 = 0. What are the prime factors of i?
2, 19
Suppose 3*f - 3 = 0, 7*y + 4*f = 3*y + 20. List the prime factors of y.
2
Let n(k) = -k**3 + 9*k**2 + 15*k - 26. List the prime factors of n(9).
109
Let d(r) = -r**3 + 5*r**2 + 8*r - 2. Let t be d(6). Let o = -4 + t. What are the prime factors of o?
2, 3
Suppose -4*w = -943 - 213. List the prime factors of w.
17
Let m(h) = h**3 - 4*h**2 - 2*h - 7. Let a be m(5). Suppose 4*i - a*i + 76 = 0. What are the prime factors of i?
19
List the prime factors of 12*(3 + 0) + 1.
37
Suppose -3*b + 443 = -2*w, 2*b - 206 - 90 = 2*w. What are the prime factors of b?
3, 7
Suppose -4*q = 5*r - 0*q - 38, -9 = 3*q. Suppose -i = -58 - r. Suppose -w = 3*w - i. What are the prime factors of w?
17
Suppose -3*u = s - 26 + 8, -u = -s + 34. What are the prime factors of s*(0 + 8/5)?
2, 3
Suppose -19 = -3*s - 79. Let r(j) = -2*j + 15. Let d be r(11). Let y = d - s. What are the prime factors of y?
13
List the prime factors of 1/(4/452) - -1*3.
2, 29
Let d(z) = z**2 - 6*z - 2. Let m be d(5). Let r = 13 + m. What are the prime factors of r?
2, 3
Let m(f) = 6*f**2 - f. Let l be m(1). Let u(g) = -g**2 + 6*g - 7. Let t be u(5). Let q = l + t. List the prime factors of q.
3
Let p be 10/1 - (-1 - -1). Suppose -a + p = a. Suppose -a*y + 0*t = 4*t - 25, 4*y = -t + 31. List the prime factors of y.
3
Let b(z) = -z**3 - z. What are the prime factors of b(-5)?
2, 5, 13
List the prime factors of -3*60/9*-1.
2, 5
Let x(k) = -k**3. Let a be x(0). Suppose a = -3*t - 0*t + 30. List the prime factors of t.
2, 5
Suppose -4*q + 5 + 3 = 0. Suppose g - 19 = -4*n + 1, 5*g = -q*n + 10. List the prime factors of (4 + -2 - 0) + g.
2
Let r(k) = -8 - 2 + 2*k + 3 - 4. What are the prime factors of r(16)?
3, 7
Suppose -p + 32 = 3*p. List the prime factors of p.
2
Let x(m) be the second derivative of -m**4/12 + 4*m**3/3 - 4*m**2 + m. Suppose 5*y - 3*y = 12. List the prime factors of x(y).
2
Suppose -3*n + 2*n = -13. Suppose 4*g = -2*f + 14, 4*g = 4*f - n - 3. Suppose -f*p - q = -0*q - 67, -25 = -2*p - q. List the prime factors of p.
2, 7
Suppose 4*v + 21 - 57 = 0. Let k = v + -6. Suppose k*j + 5*n - 57 = j, -2*j = -2*n - 36. What are the prime factors of j?
3, 7
Suppose 0*s + 2*m + 146 = 4*s, -2*s + 77 = -5*m. What are the prime factors of s?
2, 3
What are the prime factors of (-1351)/(-35) - (-2)/5?
3, 13
Suppose -2 = f, -5*f - 6 = 2*s + 18. Let d = 11 + s. Suppose 18 = 2*r + 2*h, -d*h + 31 = 4*r - h. List the prime factors of r.
2
Let a = -2 - -5. List the prime factors of ((-7)/a)/(6/(-18)).
7
Suppose 8 = 2*i - 4*i. Let o = 28 - i. List the prime factors of o.
2
Let l(w) = w**2 + 5*w + 6. Let s be l(-3). Suppose 14 = -s*c + c. What are the prime factors of c?
2, 7
Let n = 261 - 92. What are the prime factors of n?
13
Let v = 20 - 20. Suppose 2*s - 5*s - 170 = -5*q, 5*q + 3*s - 200 = v. What are the prime factors of q?
37
Let o be 6/2 + 2 + -3. Suppose 3*h + 2 = 11. List the prime factors of 29/o + h/6.
3, 5
Suppose -3*i = t - 19, -i + 5 + 12 = -5*t. Suppose -p = 2*v - 23 + i, 5*p - 2*v = 32. What are the prime factors of p?
2
Let v(z) = -z**3 - 16*z**2 + 11*z + 4. Let s be v(-17). Let o = s - 62. What are the prime factors of o?
2, 11
Let s(a) = -4 - a**2 - a**3 - 4 + 3 - 3*a**2. What are the prime factors of s(-5)?
2, 5
List the prime factors of 27/(-2)*32/(-6).
2, 3
Suppose 14 = 2*t - 152. List the prime factors of t.
83
Suppose 7*f = 3*f + 68. Let u = f - 1. List the prime factors of u.
2
Suppose -o = -6*o + 10. What are the prime factors of (-10 - -14)/(o/9)?
2, 3
Let x(z) = z**3 + 5*z**2 - 9*z - 8. List the prime factors of x(5).
197
Let n(o) = -2*o - 3. Let h be n(-6). Suppose -j - 2*j + h = 0. List the prime factors of (1/j)/((-4)/(-36)).
3
Suppose 5*y + 0 - 60 = 0. Suppose -4*z + y = -z + 3*s, 4*z = -3*s + 20. List the prime factors of z.
2
Suppose 0 - 4 = -2*u. Suppose 2*x + 4 = 0, g + 0*x + u = -3*x. Suppose g*k - 18 = k. List the prime factors of k.
2, 3
Suppose u + 0 = -4*b + 11, -5*u = b + 21. Suppose j - f = -b*j + 99, f = 1. List the prime factors of j.
2, 5
List the prime factors of 114 + -18 + 4 + -1.
3, 11
Suppose 5*o - 1455 = 5*r, 5*o - 589 - 821 = -4*r. List the prime factors of o.
2, 11, 13
Suppose -7*j = -3*j - 56. List the prime factors of j.
2, 7
Let m = 30 + -7. What are the prime factors of m?
23
Suppose 2*u - 3*u + 2*n + 3 = 0, -3*u - 4*n = -9. Let v = 0 - -24. Suppose 0 = -3*b + 3*f + v, -b + u*f + 12 = -2*f. What are the prime factors of b?
7
Let r = 74 + -48. Suppose -b - 3*b = -2*w + 20, 0 = -5*w + 2*b + r. Suppose -o - 4 = w*s - 18, -s + 51 = 5*o. What are the prime factors of o?
2, 5
Suppose i - 8 = -5*u - 0*i, -u - 4 = 3*i. Let b(l) = l**2 + 3*l - 3. Let d be b(-4). List the prime factors of 12 - d*6/u.
3
Let q(o) = o**3 + o**2 + 2. Let j be q(0). Suppose n - j*c = -2, c = -2*n + 3 + 3. Let h = 15 - n. What are the prime factors of h?
13
Suppose -5*p - 5*y = -390, 3*y = 2*p - 3*p + 72. What are the prime factors of p?
3
Suppose -3*u + 10 - 1 = 0. Let c = -3 + u. Suppose c = -0*y - y + 3. List the prime factors of y.
3
Let g be (-2 - -4) + 2 + 2. Suppose g*y = 3*y + 84. List the prime factors of y.
2, 7
Let d(w) = 3*w + 15. Let v(n) = n + 5. Let u(g) = 6*d(g) - 17*v(g). Let l = 23 + -26. What are the prime factors of u(l)?
2
Let y(d) = d**2 + 6*d - 4. Let t be y(-7). Suppose -1 = q + 4, t*q = -2*i + 53. What are the prime factors of i?
2, 17
Suppose -s + 18 - 43 = 5*v, -s + 4*v = -11. Let i(b) = 0*b - 5*b - 2*b - 2 - b**2. What are the prime factors of i(s)?
2
Let u = 81 - -142. Suppose -4*j + u = o, -o - 2*o - 46 = -j. List the prime factors of j.
5, 11
Suppose -200 = -15*j + 11*j. List the prime factors 